ppose -5*w - g = -a. What is the units digit of w?
9
Let g = -36 - -104. What is the units digit of g?
8
Suppose -3*t + w - 5*w = 12, -w - 3 = -2*t. Suppose t*l + 3*l = 9. What is the units digit of l?
3
Suppose -8*t = -11*t. Let b(p) = -2*p**3 + p**2 + 2*p + 1. Let u be b(-2). Let r = u - t. What is the units digit of r?
7
What is the units digit of -111*4/(-12) - -4?
1
Let u(n) = -5 - 4*n + 2*n**2 + 4*n**2 - n + 4*n + n**3. What is the units digit of u(-6)?
1
Let b be 5/(-2) - (-3)/6. Let s = -2 - b. What is the units digit of s - ((-1 - 3) + 0)?
4
Let n be (8/10)/((-1)/5). Let y = -2 - n. What is the units digit of y?
2
Let z(t) = -t**3 - 6*t**2 + 8*t + 15. What is the hundreds digit of z(-9)?
1
Let u = 11 - 4. Suppose -u = r - 26. What is the tens digit of r?
1
Let r(j) be the second derivative of j**7/2520 + j**6/360 - j**4/6 - j. Let c(x) be the third derivative of r(x). What is the tens digit of c(3)?
1
Suppose 58 = 5*g - 17. What is the units digit of g?
5
Let k = -60 + 90. What is the tens digit of k?
3
Let n(s) = -1 + 2 + 5*s**2 - 3*s**3 - 4*s**2 + 2*s. Let m be n(-1). Suppose 3*d - m*i - 24 - 3 = 0, 4*i - 76 = -4*d. What is the units digit of d?
4
Let j = 47 + -126. Let k = -46 - j. What is the tens digit of k?
3
Let x(y) = y - 4. Let v(q) = q**3 - q**2 + 1. Let b be v(2). What is the units digit of x(b)?
1
Suppose 0 = 4*p, -4 = -4*v + 3*p - 0. Let o(q) = 34*q**3 - 2*q + 1. What is the units digit of o(v)?
3
Let i(d) = -d**3 + 12*d**2 + 15*d - 13. Let n be 76/6 - 3/(-9). What is the tens digit of i(n)?
1
What is the units digit of (3 - 2)/(1/141)?
1
Suppose 18 = 3*t - x - 0*x, -3*t - 4*x + 3 = 0. Suppose -2*q + 31 + 9 = 0. Suppose 0 = -t*g + 30 + q. What is the units digit of g?
0
Let t = 402 - 265. What is the units digit of t?
7
Let o = 66 - 46. Suppose 4*q + 36 = 5*q + 5*x, 4*x = o. What is the tens digit of q?
1
Let m = 7 + -3. Suppose 0 = -3*i + i. Suppose g - m = -i. What is the units digit of g?
4
Let p(y) = y**2 - 4*y. Let b be p(4). Suppose b = -2*a + 47 + 47. What is the units digit of a?
7
Let v = 13 + -7. Suppose 24 + v = 3*a. What is the tens digit of a?
1
Let w(n) = -12*n - 4. What is the tens digit of w(-3)?
3
What is the units digit of ((-96)/(-10))/(2/10)?
8
Suppose -4*j + 22 = -74. What is the tens digit of j?
2
Suppose j - 4*y - 14 = 0, -6*y - 86 = -3*j - 5*y. Suppose -2*v = 2*w + 2*v - 28, j = 3*w + 2*v. What is the units digit of w?
8
Let j(i) = 11*i + 4. What is the tens digit of j(4)?
4
Suppose 0 = 2*s - 2*x - 10, 5*s - 3*x - 34 = -9. Suppose -s + 2 = j. What is the tens digit of (-36)/j + 0/1?
1
Suppose -69 = -5*n + 121. What is the tens digit of n?
3
Let k(c) = -5*c - 35. What is the units digit of k(-22)?
5
What is the tens digit of (-1771)/(-22) - (-3)/2?
8
Suppose -4*a - 8 = -0. Let x = a - -21. What is the units digit of x?
9
Suppose 25*o - 23*o = 78. What is the tens digit of o?
3
Let z(f) = -3*f**3 - 2*f**2 - 2. Let u be z(2). Let v = 54 + u. What is the units digit of v?
0
Suppose p + 2*p - 60 = 0. What is the units digit of p?
0
Let j(t) = -t**2 + 2*t - 1. Let c = 1 - -2. Let s be j(c). Let l = -3 - s. What is the units digit of l?
1
Suppose 5*k = -0*k + 45. What is the units digit of k?
9
Let n = -16 + 36. Suppose -5*f = -10 - n. What is the units digit of f?
6
Suppose -264 = -3*u - 3*x - 30, -u = -4*x - 78. What is the units digit of u?
8
Let f be 1/2*1*8. Suppose -4*s - 4 = -3*l, 3*s - 2*s + 1 = f*l. Suppose l*v = 4*v - 24. What is the units digit of v?
6
Let b = 27 - 10. What is the tens digit of b?
1
What is the units digit of (80/30)/(2/12)?
6
Let h = 12 - 9. Suppose n = -h*n + 16. Suppose -c = n*p - 3 - 21, 3*c + 5*p = 37. What is the units digit of c?
4
Suppose 120 = -3*v + 6*v. What is the tens digit of v?
4
Let z(t) = -21*t - 17. What is the hundreds digit of z(-6)?
1
Let w(h) = 3*h - 8. Let b(v) = -2*v**2 + 4*v - 2. Let a be b(2). Let y(s) = -10*s + 25. Let q(m) = a*y(m) - 7*w(m). What is the units digit of q(4)?
2
Let q(d) be the first derivative of -d**4/4 + 5*d**3/3 - 3*d**2/2 + 3*d - 2. Suppose 0*f + 4 = f. What is the units digit of q(f)?
7
Let o = 61 - 8. What is the units digit of o?
3
Let m(i) = 5*i + 6. What is the units digit of m(5)?
1
Suppose 0*u + 4*u - 112 = 0. What is the tens digit of u?
2
Let l(r) = 10*r + 19. Let t(j) = -7*j - 13. Let c(g) = 5*l(g) + 7*t(g). Let a be c(-2). Suppose a*n - 3 = -1. What is the units digit of n?
1
Let b(x) = x + 2. Let j be b(2). Let l = 7 - j. What is the units digit of l?
3
Suppose -3*d - 100 = -5*d - w, 0 = 2*d - w - 92. What is the units digit of d?
8
Suppose -g - 2 = 1. Let r = g - -6. Suppose r*t + 3*h - 27 = 0, 3*h - h + 31 = 5*t. What is the units digit of t?
7
Let m = -6 + 8. Suppose 0 = 5*r - m*g - 94, 0 + 8 = -4*g. Suppose -5*i + 20 = -3*k, i - 2*k = -7 + r. What is the units digit of i?
1
Suppose 4*f - f + 11 = -n, 36 = 4*n - 4*f. Suppose -n*q + 6 = -2*l, 4*q - 7*l - 4 = -3*l. What is the units digit of 21/q - 2/(-4)?
1
What is the units digit of (7 - -51) + 1 + 1 + -1?
9
Let g be 2*(-9)/(-6) - 3. Let n be g + (-2)/(1 + 1). Let w = n - -4. What is the units digit of w?
3
What is the tens digit of 3/(-1) + -4 + 39?
3
Let t(b) = 4*b**3 + 35*b**2 + 9*b + 5. What is the units digit of t(-8)?
5
Let a be (-104 - -2)*2/(-6). Suppose 4*d - a = -3*l, -l + 2*l - 6 = 4*d. What is the units digit of l?
0
Let f(m) = 3*m - 4 + 4 - 1 + m**2. What is the tens digit of f(3)?
1
What is the hundreds digit of 5 - 7 - -115 - (-2 - -1)?
1
Let m be 1165/35 + (-2)/7. Suppose -t = -m + 5. What is the tens digit of t?
2
Suppose -5*h + 32 + 3 = 0. Let x = -3 + h. What is the units digit of x?
4
Suppose -163 = -5*p - 2*r, 3*p - 2*r - 46 = 39. What is the units digit of p?
1
Let q(f) = 6*f - 5. Let g be q(5). Let j = -14 + g. What is the units digit of j?
1
Suppose 5*r = 79 - 4. Suppose 3*c = r - 6. Suppose -c*p - 2 = -w + 3*w, w + 2*p + 2 = 0. What is the units digit of w?
2
Suppose -5*u + 4*y + 86 = 0, u + 6*y - 2*y - 22 = 0. What is the tens digit of u?
1
Let s = 7 - -16. Suppose 0 = -4*t - 54 - 2. Let i = t + s. What is the units digit of i?
9
Let s = 8 + 25. What is the units digit of s?
3
Let i = 4 - 3. Let s = i + 4. Suppose -a - t + 19 = -0*t, 0 = s*a + 3*t - 103. What is the tens digit of a?
2
What is the units digit of 6/4*60/9 - 0?
0
Suppose 3*k - k = 0. Suppose k = 2*z - 0*z - 4. What is the units digit of z?
2
Suppose -o + f = -50 - 2, -3*o + 4*f + 154 = 0. What is the tens digit of o?
5
Let c = 65 - 26. What is the units digit of c?
9
Let h = 1 + -1. Suppose h = -4*y + 2*y + 12. Suppose 4*u - y = 14. What is the units digit of u?
5
Let r(x) be the first derivative of x**3/3 - x**2/2 - x - 2. Let b be r(0). Let j(p) = -2*p**3 + 2*p**2 - 1. What is the units digit of j(b)?
3
Let s(u) = 2*u + 12. Let y be s(-7). Let i = 19 - y. What is the tens digit of i?
2
Suppose -3*a - 2*h + 650 = 0, -16*a + 658 = -13*a + 4*h. What is the units digit of a?
4
What is the units digit of ((-36)/(-8) - 4)*186?
3
Let q = -4 + 10. Suppose 4*v - q*v = -44. What is the tens digit of v?
2
Suppose 0 = -5*i + 640 - 65. What is the units digit of i?
5
Suppose 0*a - 70 = -5*a. What is the units digit of (-3)/(39/a + -3)?
4
Let t be 2/3*(2 - -4). Suppose t*f + 4*q = 88, f - 22 = q + 2*q. What is the units digit of f?
2
Let y(w) = -11*w**3 - w**2 + 4*w - 8. Let t(x) = -5*x**3 + 2*x - 4. Let b(u) = 9*t(u) - 4*y(u). Let i be b(4). What is the units digit of i/(-2) + 7 + -3?
2
What is the tens digit of (-360)/36*(1 - (-1 + 18))?
6
Suppose 5*k - r - 20 = -4*r, -5*r = -3*k + 12. Suppose -2*g - 13 = -k*v - 3, 4 = 4*v + 4*g. Suppose 6*z - 24 = v*z. What is the units digit of z?
6
Let g = 385 + -196. What is the tens digit of g?
8
Suppose 47 = w - 4*n - 0*n, 5*n = 4*w - 144. Let v = w - 17. What is the units digit of v?
4
Suppose 0 = f + 2*f - 9. Let g(z) = z**3 - z**2 + z + 1. What is the units digit of g(f)?
2
Let v(s) = s**2 - 4. Let z be v(3). Suppose 4*j - 52 = -0*m + m, 4 = 2*j + z*m. What is the units digit of j?
2
Suppose 0 = 8*d - 12 - 1604. What is the tens digit of d?
0
What is the units digit of (0 + 9/12)*4?
3
Let c = -4 + -8. Let t = -4 - c. What is the units digit of t?
8
Let o be -19 + (-1)/(-1 + 0). What is the tens digit of o/(-30) + (-62)/(-5)?
1
Let x(v) = v*